h + 115 = -w. What are the prime factors of b?
79
Suppose -40*w + 19176 = -4902 - 13362. List the prime factors of w.
2, 3, 13
What are the prime factors of (-15)/(-10)*(0 - (-36178)/3)?
18089
Let m be -1 + (2/(-9) - (-33)/27). Suppose y + 172 - 167 = m. What are the prime factors of 2244/11 + y/(-1)?
11, 19
Let v be 1*-91*(-3 + 6 + -5). List the prime factors of v/(-4)*(-36)/63.
2, 13
Let k = -9336 + 5307. What are the prime factors of k/(-27) - 80/360?
149
Let j = 595 + 334. Let d = j + -656. What are the prime factors of d?
3, 7, 13
Suppose 0*k = 2*h - k - 11550, 17320 = 3*h + k. Suppose 4*g - h = c, -12*g - 4*c = -14*g + 2880. What are the prime factors of g?
2, 19
Let y = -66237 - -105234. List the prime factors of y.
3, 7, 619
Suppose 3*m + 4*v = 561, -2*v = 3*m - v - 561. Suppose 5*d + x - 1249 = -384, -3*x + m = d. List the prime factors of d.
2, 43
Suppose 14*m - 32891 = 100593 - 25334. List the prime factors of m.
3, 5, 103
Suppose 0 = 82*r - 23*r - 504570 - 3549969. What are the prime factors of r?
3, 22907
What are the prime factors of (9718/(-10) + -1*5)*(-1680)/63?
2, 11, 37
Let z = 3198 - -51998. List the prime factors of z.
2, 13799
Let p = 1079 - -2618. Suppose -f + g + 980 = -251, 0 = -3*f + 4*g + p. What are the prime factors of f?
3, 409
Let p = 447 + -447. Suppose -5*v = -s + 157 + 344, p = s - v - 513. What are the prime factors of s?
2, 3, 43
Suppose -940 = -p - 3*f + 20276, -4*f + 42444 = 2*p. List the prime factors of p.
2, 3, 3539
Let u(k) = -6*k + 23. Suppose -51 = 4*f - 3*h, 3*f - 6*f + 3*h - 42 = 0. List the prime factors of u(f).
7, 11
Let o = -285 + 468. Let z be -9 + (-42)/(4 + -7). What are the prime factors of 27/(-45) + o/z?
2, 3
List the prime factors of 90/(-36) + 350435/10.
67, 523
Let p = 1157 - 194. Let z = p + -476. What are the prime factors of z?
487
Let m(j) be the third derivative of 1/30*j**5 + 15*j**2 + 0*j - 7/24*j**4 - 1/3*j**3 + 0. What are the prime factors of m(7)?
47
Let y = -64 + 67. Let l be y/(-15) + 942/10. Let i = l + -42. What are the prime factors of i?
2, 13
Let d(o) = -48*o - 2. Let b be d(-3). Suppose 0 = k - b + 116. List the prime factors of k.
2, 13
Suppose -3*k - 4*x = -6*x - 19, 25 = 3*k + 4*x. Let g(n) = -n**3 + 9*n**2 - 4*n - 30. What are the prime factors of g(k)?
2, 5
Let s(r) = r - 8. Let n be s(2). Let h be (-8)/1*1 - 18/n. What are the prime factors of (-11 + 10 - h/(-4))*-28?
3, 7
Suppose 2*b + 181 = 4*r - 279, -4*r + 1162 = -5*b. Let u = -229 - b. List the prime factors of u.
5
Suppose 2*t = -6*g + 3*g + 1505, 0 = 3*g - 9. Suppose 1253 = 2*y + 3*f, 3*f - t = 3*y - 2650. List the prime factors of y.
631
Suppose -17*n = 3*n + 26120. List the prime factors of (-63)/42 - n/4.
5, 13
Let u(w) = -w**2 + 5*w + 7. Let m be u(-5). Let o be (265/20)/((-5)/(-20)). Let q = m + o. What are the prime factors of q?
2, 5
Suppose 0 = 2*d - 119 + 643. Let n = 607 + d. What are the prime factors of n?
3, 5, 23
Let g be 34 - 2/4*-4. Suppose -3*h + h - g = 0. What are the prime factors of 718/6 + h/27?
7, 17
Suppose -107481 - 92099 = -34*k. What are the prime factors of k?
2, 5, 587
Suppose 7 = -w + 2*w - f, 5*w - 4*f = 36. Suppose -w*c = -4*c. Suppose c*v + v = 20. What are the prime factors of v?
2, 5
Let b(c) = 5*c**2 + 2*c - 13. Let p = -77 + 71. Let a be b(p). Let v = a - -10. What are the prime factors of v?
3, 5, 11
Let m(j) be the third derivative of j**5/30 + j**4 + 131*j**3/6 - 13*j**2 - 1. List the prime factors of m(-29).
1117
Suppose 18*o = -34*o + 52468. List the prime factors of o.
1009
List the prime factors of 1/2 - (-1602246)/388.
2, 5, 7, 59
List the prime factors of (-3 + (9 - 3))/(-7) + (-4186080)/(-105).
3, 97, 137
Let z = 847 + -2068. Let h = -172 - z. List the prime factors of h.
1049
Suppose -5*c + 9*m - 3170 = 7*m, 0 = 4*c - 2*m + 2534. List the prime factors of (3 - 15/4)/(1/c).
3, 53
Suppose 3*t + 2*c = -23, -14*t - 16 = -13*t - c. Let y(a) = -a**3 - 10*a**2 - 19*a + 18. What are the prime factors of y(t)?
2, 3, 29
Suppose 2*c - 14321 = -9*d + 14*d, -2*d + 10 = 0. Suppose -6*w - c = -5*k - 4*w, 3*w = 4*k - 5737. What are the prime factors of k?
5, 7, 41
Let k(d) = 35*d**2 - 2*d + 15. Let c be k(5). List the prime factors of 32/8 - (-1 - (-1 + c)).
2, 13, 17
Let d(s) = 23*s**2 + 10*s + 57. List the prime factors of d(-27).
2, 3, 31, 89
Suppose 3668 = 2*n + 2*h, 2*h = -n + 6*h + 1829. What are the prime factors of n?
3, 13, 47
Suppose 23231 = -362*a - 33372 + 11715. Let u = 85 + -154. Let y = u - a. What are the prime factors of y?
5, 11
Let p(a) = 8*a**2 + 22*a + 69. Let d(f) = f - 39. Let x be d(35). What are the prime factors of p(x)?
109
Suppose 0*w + 1818 = i - 8*w, -2*i + 2*w = -3692. List the prime factors of i.
2, 5, 37
Suppose 22*y - 5*c - 31784 = 19*y, 0 = -5*y - 2*c + 52901. List the prime factors of y.
19, 557
Let l(w) = -64*w - 95. Suppose f = -5*x - 51, 0 = 2*x + x + 5*f + 13. List the prime factors of l(x).
3, 7, 29
Let c(d) = d + 29. Let i be c(-29). Suppose 0 = -4*q + 2*h + 128, -4*q + h + i*h = -130. List the prime factors of q.
3, 11
Let j be (-6968)/(-9) + -5 + (-43)/(-9). Suppose -2*t + 5*t - j = 0. Suppose t = 3*q + 24. List the prime factors of q.
2, 3, 13
Let g be 1*2*(-26)/(-4)*-5. Let u = g - -63. Let o = 17 + u. What are the prime factors of o?
3, 5
Let x = -90 - -38. Let d = -88 - x. List the prime factors of 7*d*(-20)/56.
2, 3, 5
Let k(j) = j**3 - 3*j**2 + 3*j - 3. Let s be k(6). Let v = 316 - s. Suppose 2*b + 13 = v. What are the prime factors of b?
2, 3, 5
Let a(l) = l**2 - 4*l + 4. Let i be a(4). Suppose -4*n + 7*u + 253 = i*u, n + 4*u - 87 = 0. What are the prime factors of n?
67
Let t = 127028 + -69328. List the prime factors of t.
2, 5, 577
Suppose 2*h + 832 = 4*o, -3*o + 2 = -4*o. List the prime factors of (5 - 10)/(2*2/h).
3, 5, 7
Let a(x) = -5*x**3 + 3*x**2 + 4*x + 1. Let z be a(-1). Let f = z - 6. What are the prime factors of (f + -1 - -4) + 21?
23
Let n = 526 - 491. List the prime factors of (-23944)/(-20) + -1 + 28/n.
3, 7, 19
Let d = 8646 + 14924. What are the prime factors of d?
2, 5, 2357
What are the prime factors of (14448/9)/(-8)*(-42)/4?
7, 43
Suppose 29757 = -44*p + 47*p + 2*k, p + 3*k = 9905. What are the prime factors of p?
9923
Let t(n) = -32*n**3 + 7*n**2 - 5*n - 5. Let w(j) = 32*j**3 - 6*j**2 + 5*j + 3. Let x(l) = 3*t(l) + 4*w(l). What are the prime factors of x(1)?
31
Suppose 0 = -o - l + 63 - 38, -2*o = -4*l - 68. Suppose 0*f - 2*f = -3*a + 87, -2*a + 77 = 5*f. Suppose -o*x = -a*x + 261. What are the prime factors of x?
3, 29
Let i = -23 - -25. Suppose -j = 2*s - 262, -i*s + 3*j + 264 = 5*j. What are the prime factors of s?
2, 5, 13
Let f(o) = -2*o**3 - 4*o**2 - 4*o + 6. Let w be f(-5). Let x = w + -89. Suppose x = 4*g - a, -4*a = -0*a - 20. What are the prime factors of g?
23
Let r = -15 - -22. Suppose 181 = 2*s + 17. Suppose -k + s = r. What are the prime factors of k?
3, 5
Suppose -2*g + 17 = 5*k, -k + 1 = -9*g + 10*g. Suppose 0 = -k*a - 5*c + 515, a = 4*c + 60 + 48. What are the prime factors of a?
2, 13
Let n be 2/(-8) + 10353/68. Let f(d) = -d**3 + 2*d + 5. Let y be f(0). Suppose -478 = -y*r + n. What are the prime factors of r?
2, 3, 7
Let r = -82 - -110. What are the prime factors of 4/r + (-40)/(-105)*1866?
3, 79
Let k(n) = 13*n**3 + 3*n**2 + 5*n - 42. Suppose 4*z - 4*o = 0, 5*o - 3 - 17 = 0. List the prime factors of k(z).
2, 3, 11, 13
Suppose -1507 = -11*s + 1320. List the prime factors of s/(-3 - 28/(-7)).
257
Let r(t) = t**3 - 2*t**2 + 2*t + 4. Let i be r(5). Let j = i + -84. Suppose -q + 786 = j*y + q, -2*q = 3*y - 474. List the prime factors of y.
2, 3, 13
Suppose 2 = -11*q + 156. Suppose -18*o = -q - 112. What are the prime factors of o?
7
Let m(t) = 4*t**2 - 42*t - 202. Let z be m(41). Suppose -z = -57*w + 53*w. What are the prime factors of w?
2, 3, 5
Let t(u) = -u**3 - 9*u**2 + 5. Let v be t(-9). Suppose -4*h = -v*f - 300, 227 - 75 = 2*h - 3*f. What are the prime factors of h - -5*(32/20 - 1)?
73
Suppose -27*x - 4 = -28*x. Suppose 1424 = x*j - 2*s - 1810, 3255 = 4*j + 5*s. List the prime factors of j.
2, 3, 5
Suppose 0 = -5*f + g + 11, -5*g - 4 - 1 = 0. Suppose -7*b + 27 = f*b. Suppose -73 = -3*q + 5*a - 0*a, -b*q + 109 = 4*a. What are the prime factors of q?
31
Suppose -8060 = -3*k +